{"id":209,"date":"2024-06-06T19:57:10","date_gmt":"2024-06-06T19:57:10","guid":{"rendered":"https:\/\/todemcasa.com\/?page_id=209"},"modified":"2024-06-06T20:04:30","modified_gmt":"2024-06-06T20:04:30","slug":"elementor-209","status":"publish","type":"page","link":"https:\/\/todemcasa.com\/index.php\/elementor-209\/","title":{"rendered":"Elementor #209"},"content":{"rendered":"\t\t<div data-elementor-type=\"wp-page\" data-elementor-id=\"209\" class=\"elementor elementor-209\" data-elementor-post-type=\"page\">\n\t\t\t\t<div class=\"elementor-element elementor-element-beaa3b3 e-flex e-con-boxed e-con e-parent\" data-id=\"beaa3b3\" data-element_type=\"container\">\n\t\t\t\t\t<div class=\"e-con-inner\">\n\t\t\t\t<div class=\"elementor-element elementor-element-92cf4a9 elementor-widget elementor-widget-html\" data-id=\"92cf4a9\" data-element_type=\"widget\" data-widget_type=\"html.default\">\n\t\t\t\t<div class=\"elementor-widget-container\">\n\t\t\t<style>.esconder { display: none }<\/style>\n\n<script type=\"text\/javascript\">\ndocument.addEventListener(\"DOMContentLoaded\", function() {\n\/* ALTERE O VALOR 10 PARA OS SEGUNDOS EM QUE AS SE\u00c7\u00d5ES V\u00c3O APARECER *\/\nvar SECONDS_TO_DISPLAY = 5;\nvar CLASS_TO_DISPLAY = \".esconder\";\n\n\/* DAQUI PARA BAIXO NAO PRECISA ALTERAR *\/\nvar attempts = 0;\nvar elsHiddenList = [];\nvar elsDisplayed = false;\nvar elsHidden = document.querySelectorAll(CLASS_TO_DISPLAY);\nvar alreadyDisplayedKey =\u2060\u202falreadyElsDisplayed${SECONDS_TO_DISPLAY}\u202f\u2060\nvar alreadyElsDisplayed = localStorage.getItem(alreadyDisplayedKey);\n\nsetTimeout(function () { elsHiddenList = Array.prototype.slice.call(elsHidden); }, 0);\n\nvar showHiddenElements = function () {\nelsDisplayed = true;\nelsHiddenList.forEach((e) => e.style.display = \"block\");\nlocalStorage.setItem(alreadyDisplayedKey, true)\n}\n\nvar startWatchVideoProgress = function () {\nif (typeof smartplayer === 'undefined' || !(smartplayer.instances && smartplayer.instances.length)) {\nif (attempts >= 10) return;\nattempts += 1;\nreturn setTimeout(function () { startWatchVideoProgress() }, 1000);\n}\n\nsmartplayer.instances[0].on('timeupdate', () => {\nif (elsDisplayed || smartplayer.instances[0].smartAutoPlay) return;\nif (smartplayer.instances[0].video.currentTime < SECONDS_TO_DISPLAY) return;\nshowHiddenElements();\n})\n}\n\nif (alreadyElsDisplayed === 'true') {\nsetTimeout(function () { showHiddenElements(); }, 100);\n} else {\nstartWatchVideoProgress()\n}\n});\n<\/script>\t\t<\/div>\n\t\t\t\t<\/div>\n\t\t\t\t<div class=\"elementor-element elementor-element-07454e5 elementor-widget elementor-widget-heading\" data-id=\"07454e5\" data-element_type=\"widget\" data-widget_type=\"heading.default\">\n\t\t\t\t<div class=\"elementor-widget-container\">\n\t\t\t<style>\/*! elementor - v3.22.0 - 26-06-2024 *\/\n.elementor-heading-title{padding:0;margin:0;line-height:1}.elementor-widget-heading .elementor-heading-title[class*=elementor-size-]>a{color:inherit;font-size:inherit;line-height:inherit}.elementor-widget-heading .elementor-heading-title.elementor-size-small{font-size:15px}.elementor-widget-heading .elementor-heading-title.elementor-size-medium{font-size:19px}.elementor-widget-heading .elementor-heading-title.elementor-size-large{font-size:29px}.elementor-widget-heading .elementor-heading-title.elementor-size-xl{font-size:39px}.elementor-widget-heading .elementor-heading-title.elementor-size-xxl{font-size:59px}<\/style><h2 class=\"elementor-heading-title elementor-size-default\">teste<\/h2>\t\t<\/div>\n\t\t\t\t<\/div>\n\t\t\t\t\t<\/div>\n\t\t\t\t<\/div>\n\t\t<div class=\"elementor-element elementor-element-f612daa e-flex e-con-boxed e-con e-parent\" data-id=\"f612daa\" data-element_type=\"container\">\n\t\t\t\t\t<div class=\"e-con-inner\">\n\t\t\t\t<div class=\"elementor-element elementor-element-0a7a37f esconder elementor-widget elementor-widget-heading\" data-id=\"0a7a37f\" data-element_type=\"widget\" data-widget_type=\"heading.default\">\n\t\t\t\t<div class=\"elementor-widget-container\">\n\t\t\t<h2 class=\"elementor-heading-title elementor-size-default\">teste<\/h2>\t\t<\/div>\n\t\t\t\t<\/div>\n\t\t\t\t\t<\/div>\n\t\t\t\t<\/div>\n\t\t\t\t<\/div>\n\t\t","protected":false},"excerpt":{"rendered":"<p>teste teste<\/p>\n","protected":false},"author":1,"featured_media":0,"parent":0,"menu_order":0,"comment_status":"closed","ping_status":"closed","template":"elementor_canvas","meta":{"footnotes":""},"_links":{"self":[{"href":"https:\/\/todemcasa.com\/index.php\/wp-json\/wp\/v2\/pages\/209"}],"collection":[{"href":"https:\/\/todemcasa.com\/index.php\/wp-json\/wp\/v2\/pages"}],"about":[{"href":"https:\/\/todemcasa.com\/index.php\/wp-json\/wp\/v2\/types\/page"}],"author":[{"embeddable":true,"href":"https:\/\/todemcasa.com\/index.php\/wp-json\/wp\/v2\/users\/1"}],"replies":[{"embeddable":true,"href":"https:\/\/todemcasa.com\/index.php\/wp-json\/wp\/v2\/comments?post=209"}],"version-history":[{"count":10,"href":"https:\/\/todemcasa.com\/index.php\/wp-json\/wp\/v2\/pages\/209\/revisions"}],"predecessor-version":[{"id":219,"href":"https:\/\/todemcasa.com\/index.php\/wp-json\/wp\/v2\/pages\/209\/revisions\/219"}],"wp:attachment":[{"href":"https:\/\/todemcasa.com\/index.php\/wp-json\/wp\/v2\/media?parent=209"}],"curies":[{"name":"wp","href":"https:\/\/api.w.org\/{rel}","templated":true}]}}